is divided by z.
32
Let y(f) = -6*f - 4. Calculate the remainder when 579 is divided by y(-4).
19
Suppose -2*u - 4*n + 25 = n, u - 5*n - 20 = 0. Suppose 16 = -2*q + a - 2*a, -3*a - 36 = 4*q. What is the remainder when 77 is divided by (-4)/q - (-290)/u?
17
Suppose 6*u = -0*u + 18. Suppose -l + u = 0, -x - 3*l = -2*x + 32. Suppose 3*j - m = 41, -4*j - m = -5 - 52. Calculate the remainder when x is divided by j.
13
Let h(d) be the first derivative of -d**2/2 + 15*d - 4. Let k be h(0). Suppose 0*p - y = -p + k, 5 = -y. What is the remainder when 38 is divided by p?
8
Let r = 18 + 14. Suppose 0 = -16*y + 302 - 14. What is the remainder when r is divided by y?
14
Let o(l) = 3*l + 29. Calculate the remainder when o(15) is divided by (-114)/18*(3 + -6).
17
What is the remainder when (5 + -536 + 5)*(-8)/16 is divided by 44?
43
Suppose -t - 2*t - 12 = 0. Let s = t - -1. What is the remainder when 65 is divided by (-390)/(-24) + s/(-4)?
14
Suppose 3*v + 3*q - 72 = 0, 0*v + 107 = 3*v - 4*q. Suppose s - 1 = -s + x, 3*s + 4*x = v. Let n = 12 - s. What is the remainder when n is divided by 3?
0
Suppose -10*y = -7*y - 768. Let p = y - 169. Suppose -p = -4*g + 33. Calculate the remainder when g is divided by 7.
2
Suppose -3*t = 0, 5*t = -0*s - 5*s + 1945. Calculate the remainder when s is divided by 30.
29
Calculate the remainder when (-117)/(-78)*(1 + 598/6) is divided by 22.
19
Suppose -2*n + 2*a + 4 = 0, a + 8 - 30 = -3*n. Suppose 101 = 4*s - 27. Suppose -s = 4*i - n*i. Calculate the remainder when i is divided by 9.
7
Let j = -14 - -8. Calculate the remainder when (3 + -5)*1 + -1 - -30 is divided by (2/(-5))/(j/90).
3
Let k be (3 + -2)*1/1. Let c(u) be the third derivative of u**6/6 - u**5/60 + u**3/6 + 2*u**2. Calculate the remainder when 78 is divided by c(k).
18
Suppose 23 - 719 = -12*w. Calculate the remainder when 287 is divided by w.
55
Let r(n) = -2*n**2 - 23*n + 12. Let o(s) = 3*s**2 - 12*s - 2. Calculate the remainder when r(-11) is divided by o(5).
10
Let s = -23 + 36. Let x(q) = 17*q + 178. What is the remainder when x(-9) is divided by s?
12
Suppose 5*c + 255 = 3*r + 6, -2*r + 167 = -3*c. Calculate the remainder when 261 is divided by r.
85
Let d = -340 + 358. What is the remainder when 249 is divided by d?
15
Calculate the remainder when 377 is divided by (5/(-45)*-21)/(4/36).
20
Suppose -234 = -2*w - 152. Let z(m) = m**3 + 7*m**2 - 12*m - 9. Calculate the remainder when w is divided by z(-8).
18
Suppose 0 = -g + 4*g + 42. Let d be 7/g - 21/(-2). What is the remainder when (d - -2) + (1 - 3) is divided by 6?
4
Let c be (-3)/(-2) + 744/16. Suppose 2*w - 152 = -5*s, 0 = 2*s - s - 4*w - c. Calculate the remainder when s is divided by 18.
14
Let c(v) = -43*v - 381. What is the remainder when 15 is divided by c(-9)?
3
Let k(a) = a**2 - a + 1. Let u(y) = -5*y**2 - 7*y - 6. Let i(g) = -4*k(g) - u(g). What is the remainder when i(-16) is divided by 21?
19
Let k(n) = 3*n**2 - 60*n + 73. Calculate the remainder when 540 is divided by k(19).
12
Suppose 0 = 8*p - 3*p - 4*u - 658, 5*p + 3*u - 644 = 0. Let d = 176 - p. Let h(r) = -r**3 - 3*r**2 - 4*r. What is the remainder when d is divided by h(-3)?
10
Suppose -3*c = -2 - 13. Suppose 0 = -3*l + 3*u + 17 - 2, 3*u = 2*l - 9. Suppose 2*d + 6 = w, l*w - w - 85 = -d. Calculate the remainder when w is divided by c.
1
Suppose -2*t - 6*b = -7*t + 671, -2*t + 2*b + 270 = 0. Calculate the remainder when t is divided by 34.
3
Suppose 5*g + 4*i = 1015, -5*g + 4*i = -6*g + 219. Calculate the remainder when g is divided by 25.
24
Let r(v) = v**2 - 4*v - 2. Suppose 2*i + 19 - 9 = 0. Let q = 16 + i. What is the remainder when q is divided by r(5)?
2
Suppose -1344 = 39*b - 51*b. What is the remainder when b is divided by 23?
20
Let f(n) = -n**3 + 9*n**2 + n - 59. What is the remainder when 58 is divided by f(8)?
6
Let x(g) = 19*g + 2*g**3 + 13*g + g**2 + 2 - 34*g + g**2. What is the remainder when x(5) is divided by 49?
47
Let m(p) = p + 25. Calculate the remainder when 39 is divided by m(-17).
7
Suppose 5*t - 26*w - 15 = -31*w, 2*w = -t - 1. Let z(y) = -y**3 + 7*y**2 - 5*y - 5. What is the remainder when z(5) is divided by t?
6
Let j(c) = -c**2 - 24*c - 23. What is the remainder when 75 is divided by j(-21)?
35
Suppose 0 = 3*s + 2*s + 4*o - 1528, -2*o = 3*s - 916. Calculate the remainder when s is divided by 51.
49
Suppose -18 = -5*k + 52. Suppose 3*q + 9 - 45 = 0. Calculate the remainder when q/(-18) + 80/3 is divided by k.
12
Let v be 42/(-4) - 39/(-26). Calculate the remainder when ((-30)/v)/(3/(-63)*-2) is divided by 9.
8
Suppose 5*x - 2 = -5*j + 643, -4*x + j + 526 = 0. Calculate the remainder when x is divided by 33.
32
Let f(q) = -139*q - 545. Calculate the remainder when 28 is divided by f(-4).
6
What is the remainder when 112 is divided by 15/4*5/(105/28)?
2
Suppose 0 = -2*q + 4*q - 8. Suppose -b - 4*v - 17 = -9*v, 3*b + v = 29. What is the remainder when 1/q - (-422)/b is divided by 11?
9
Let k = 94 + -66. Calculate the remainder when (-19)/(-2)*k/35*5 is divided by 6.
2
Let n = -46 + 175. Suppose -19 = 2*p - n. What is the remainder when p is divided by 15?
10
Let z be (-2)/11 - 4/(-22). Suppose 3*g - 2*l = -z*l + 22, -4*g = 5*l - 37. What is the remainder when 14 is divided by g?
6
Suppose 0 = -3*p + 253 - 40. Suppose 0 = -2*u - 5*f + 19, -3*u + f + p = -0. What is the remainder when u is divided by 4?
2
Let h = -81 + 90. What is the remainder when 13 is divided by h?
4
Suppose 5*c - 48 = -c. Let x = 9 - c. What is the remainder when 4 is divided by x?
0
Let f = 48 + -45. Suppose 0 = 5*c - f*p - 50, 2*c - 3*c + p + 8 = 0. What is the remainder when 51 is divided by c?
12
Suppose -6*m = 1 - 19. Suppose -4*g = -m*g - 20. Calculate the remainder when g is divided by 7.
6
Let l = -820 - -846. Calculate the remainder when 596 is divided by l.
24
Let h = -52 + -8. Let w = h - -70. Calculate the remainder when 77 is divided by w.
7
Suppose 0 = 2*m + 3*m, -m + 316 = 4*w. Let q(a) = -a**2 - 16*a - 26. Let u be q(-14). Suppose -u*i + w = -11. Calculate the remainder when i is divided by 16.
13
Let v = 71 + -104. Let h = 48 + v. Calculate the remainder when 43 is divided by h.
13
Suppose -4*p + 180 = 4*r, -r - 10 + 39 = 5*p. Calculate the remainder when r is divided by 3.
1
Let c = 711 + -575. Calculate the remainder when c is divided by 25.
11
Let x(l) = l**3 + 6*l**2 + 9*l + 32. Calculate the remainder when 82 is divided by x(-4).
26
Suppose -38*y = -780 - 1500. What is the remainder when 170 is divided by y?
50
Suppose 26 = 2*g - 10. Calculate the remainder when 269 is divided by g.
17
Let y be 66*(-1)/((-3)/4). Suppose z = -47 + y. What is the remainder when 119 is divided by z?
37
What is the remainder when 53 is divided by 9/135*-5 - 128/(-6)?
11
Calculate the remainder when ((-19)/4)/((-8)/32) is divided by (21/(210/(-44)))/((-2)/5).
8
Suppose -202 = -2*w - 34. Let b = -59 + w. Suppose -5*i = -2*j - 60, 5*i = -5*j + j + 90. Calculate the remainder when b is divided by i.
11
Suppose -7*w + 261 = -551. Calculate the remainder when w is divided by 35.
11
Suppose o - 69 = -2*o. What is the remainder when o is divided by 32/(-15)*-6 - (-2)/10?
10
Let k(l) = l**3 - l**2 - l + 3. Let u be k(0). Suppose -2*t + u*t = 3. Calculate the remainder when t is divided by 3.
0
Let z = -44 - -232. What is the remainder when z is divided by 9?
8
What is the remainder when 100 is divided by (-3)/(-5*(-24)/(-1040))?
22
Let h(l) = 2*l + 3. Let r(c) = -2*c - 8. Let d be r(-5). What is the remainder when 48 is divided by h(d)?
6
What is the remainder when 118 is divided by (-4300)/(-116) + 12/(-174)?
7
Suppose -55 = 9*h - 14*h. Calculate the remainder when 65 is divided by h*((-12)/3)/(-4).
10
Suppose 0 = -5*u + 20 - 10. Suppose -4*s - u*q = -108, 2*s - 7 = 5*q + 71. Calculate the remainder when s is divided by 15.
14
Suppose 3*w = 4*k - 7*k + 63, 2*k - 76 = -4*w. Calculate the remainder when 219 is divided by w.
15
Let b(p) = -6*p**2 + 58*p - 14. What is the remainder when 460 is divided by b(8)?
64
Suppose -4*m - 122 = -n, 0*n - 3*m = 4*n - 450. What is the remainder when 566 is divided by n?
110
Suppose -2*i + 509 = 2*i - 3*r, -2*r - 382 = -3*i. Let l = i - 102. Calculate the remainder when 50 is divided by l.
24
Suppose -12*f +